{"id":219,"date":"2019-09-15T10:30:34","date_gmt":"2019-09-15T14:30:34","guid":{"rendered":"http:\/\/harmonielafugue.ca\/?page_id=219"},"modified":"2021-10-01T22:49:17","modified_gmt":"2021-10-02T02:49:17","slug":"directeur-musical","status":"publish","type":"page","link":"https:\/\/harmonielafugue.ca\/?page_id=219","title":{"rendered":"Fondateur"},"content":{"rendered":"<p><img loading=\"lazy\" decoding=\"async\" class=\"alignleft size-full wp-image-222\" style=\"margin: 10px;\" src=\"https:\/\/harmonielafugue.ca\/wp-content\/uploads\/2013\/04\/pierre-lainesse.jpg\" alt=\"pierre lainesse\" width=\"294\" height=\"300\" \/>Fondateur de l&rsquo;<em>Harmonie La Fugue<\/em> en 2000 et directeur musical jusqu&rsquo;au printemps 2017, Pierre Lainesse est un homme passionn\u00e9. Il sait transmettre son enthousiasme pour la musique aux gens qui l&rsquo;entourent et s&rsquo;engage activement dans la communaut\u00e9.<\/p>\n<p>Pierre Lainesse est \u00e9galement enseignant en musique \u00e0 l&rsquo;\u00e9cole St-Laurent dans le secteur Buckingham. Depuis 1998, il dirige aussi l&rsquo;harmonie <em>Le Pr\u00e9lude<\/em> form\u00e9e d&rsquo;une cinquantaine d&rsquo;\u00e9l\u00e8ves de niveau primaire. Chaque ann\u00e9e, <em>Le Pr\u00e9lude<\/em> repr\u00e9sente avec brio l&rsquo;Outaouais lors de festivals et de concours vari\u00e9s (Festival des harmonies et orchestres\u00a0symphonique du Qu\u00e9bec, Festival de musique Kiwanis d&rsquo;Ottawa&#8230;)<\/p>\n<p>En 2008, M. Lainesse a \u00e9t\u00e9 honor\u00e9 en recevant le troph\u00e9e Bernard-Lonergan remis\u00a0\u00e0 la personnalit\u00e9 d&rsquo;art et de culture de Buckingham. \u00c9tant un percussionniste hors pair, Pierre Lainesse a jou\u00e9 dans de nombreux ensembles. Il a aussi \u00e9t\u00e9 invit\u00e9 \u00e0 quelques occasions \u00e0 se joindre avec l&rsquo;orchestre symphonique de Gatineau.<\/p>\n<p>Pierre Lainesse est, sans contredits, une figure marquante de la vie culturelle de chez nous. Son talent, sa g\u00e9n\u00e9rosit\u00e9 et son professionnalisme font de lui un homme d&rsquo;exception dans le paysage musical de l&rsquo;Outaouais.<\/p>\n\n\n<p><\/p>\n","protected":false},"excerpt":{"rendered":"<p>Fondateur de l&rsquo;Harmonie La Fugue en 2000 et directeur musical jusqu&rsquo;au printemps 2017, Pierre Lainesse est un homme passionn\u00e9. Il sait transmettre son enthousiasme pour la musique aux gens qui l&rsquo;entourent et s&rsquo;engage activement dans la communaut\u00e9. Pierre Lainesse est \u00e9galement enseignant en musique \u00e0 l&rsquo;\u00e9cole St-Laurent dans le secteur Buckingham. Depuis 1998, il dirige [&hellip;]<\/p>\n","protected":false},"author":1,"featured_media":0,"parent":0,"menu_order":0,"comment_status":"closed","ping_status":"open","template":"","meta":{"footnotes":""},"class_list":["post-219","page","type-page","status-publish","hentry"],"_links":{"self":[{"href":"https:\/\/harmonielafugue.ca\/index.php?rest_route=\/wp\/v2\/pages\/219","targetHints":{"allow":["GET"]}}],"collection":[{"href":"https:\/\/harmonielafugue.ca\/index.php?rest_route=\/wp\/v2\/pages"}],"about":[{"href":"https:\/\/harmonielafugue.ca\/index.php?rest_route=\/wp\/v2\/types\/page"}],"author":[{"embeddable":true,"href":"https:\/\/harmonielafugue.ca\/index.php?rest_route=\/wp\/v2\/users\/1"}],"replies":[{"embeddable":true,"href":"https:\/\/harmonielafugue.ca\/index.php?rest_route=%2Fwp%2Fv2%2Fcomments&post=219"}],"version-history":[{"count":6,"href":"https:\/\/harmonielafugue.ca\/index.php?rest_route=\/wp\/v2\/pages\/219\/revisions"}],"predecessor-version":[{"id":362,"href":"https:\/\/harmonielafugue.ca\/index.php?rest_route=\/wp\/v2\/pages\/219\/revisions\/362"}],"wp:attachment":[{"href":"https:\/\/harmonielafugue.ca\/index.php?rest_route=%2Fwp%2Fv2%2Fmedia&parent=219"}],"curies":[{"name":"wp","href":"https:\/\/api.w.org\/{rel}","templated":true}]}}