{"id":24,"date":"2014-03-30T08:00:21","date_gmt":"2014-03-30T12:00:21","guid":{"rendered":"http:\/\/fuzzdesignz.ca\/vero\/?page_id=24"},"modified":"2022-10-24T22:17:44","modified_gmt":"2022-10-25T02:17:44","slug":"a-propos-de-hlf","status":"publish","type":"page","link":"https:\/\/harmonielafugue.ca\/?page_id=24","title":{"rendered":"\u00c0 propos de l&#039;HLF"},"content":{"rendered":"<h1><img loading=\"lazy\" decoding=\"async\" class=\"alignleft size-full wp-image-11\" title=\"logo\" src=\"https:\/\/harmonielafugue.ca\/wp-content\/uploads\/2012\/06\/logo.jpg\" alt=\"\" width=\"168\" height=\"97\" \/><strong>Mission<\/strong><\/h1>\n<p style=\"font-weight: 400;\">Permettre \u00e0 des musiciens amateurs de d\u00e9velopper la pratique de la musique d&rsquo;ensemble pour une client\u00e8le \u00e2g\u00e9e de 16 ans et plus et de partager notre amour pour la musique devant notre public<\/p>\n<h1 style=\"font-weight: 400;\"><strong>Vision<\/strong><\/h1>\n<p style=\"font-weight: 400;\">Offrir la possibilit\u00e9 \u00e0 des musiciens amateurs de pouvoir jouer en groupe tout en partageant leur passion pour la musique dans un milieu convivial et de permettre \u00e0 un public vari\u00e9 de d\u00e9couvrir diff\u00e9rents types de musique \u00e0 travers ses spectacles et prestations qui t\u00e9moignent des efforts des musiciens.<\/p>\n<h1 style=\"font-weight: 400;\"><strong>Valeurs<\/strong><\/h1>\n<p style=\"font-weight: 400;\">Passion \u2022 Plaisir \u2022 Dynamique \u2022 Accessibilit\u00e9 \u2022 Excellence \u2022 Leadership \u2022 Respect \u2022 Int\u00e9grit\u00e9 \u2022 Professionnalisme<\/p>\n<h1><strong>R\u00e9p\u00e9titions<\/strong><\/h1>\n<div>\n<p class=\"xmsonormal\">R\u00e9pertoire vari\u00e9\u00a0: Classique, jazz, contemporain, populaire, musique de films.<\/p>\n<\/div>\n<div>\n<p>L\u2019harmonie La Fugue est toujours pr\u00eate \u00e0 accueillir de nouveaux membres motiv\u00e9s et dynamiques. Pour de plus amples renseignements, nous vous invitons \u00e0 nous contacter.<\/p>\n<\/div>\n<div>\n<h1><strong>Co\u00fbt<\/strong><\/h1>\n<p>Le co\u00fbt de l\u2019inscription est de 140$ par ann\u00e9e (sujet \u00e0 changement) avec possibilit\u00e9 de payer en 2 versements (septembre 60$) et janvier (80$) plus l\u2019achat d\u2019une chemise avec le logo de l\u2019harmonie pour nos diff\u00e9rents concerts.<\/p>\n<\/div>\n<div>\n<p>Nous vous sugg\u00e9rons \u00e9galement de visiter la page\u00a0<a href=\"https:\/\/www.facebook.com\/Harmonie-La-Fugue-2911926725698456\/\" target=\"_blank\" rel=\"noopener\">Facebook<\/a>\u00a0de l\u2019<em>Harmonie La Fugue<\/em>.<\/p>\n<\/div>\n<p class=\"x_MsoNormal\">\n","protected":false},"excerpt":{"rendered":"<p>Mission Permettre \u00e0 des musiciens amateurs de d\u00e9velopper la pratique de la musique d&rsquo;ensemble pour une client\u00e8le \u00e2g\u00e9e de 16 ans et plus et de partager notre amour pour la musique devant notre public Vision Offrir la possibilit\u00e9 \u00e0 des musiciens amateurs de pouvoir jouer en groupe tout en partageant leur passion pour la musique [&hellip;]<\/p>\n","protected":false},"author":1,"featured_media":0,"parent":0,"menu_order":0,"comment_status":"closed","ping_status":"closed","template":"","meta":{"footnotes":""},"class_list":["post-24","page","type-page","status-publish","hentry"],"_links":{"self":[{"href":"https:\/\/harmonielafugue.ca\/index.php?rest_route=\/wp\/v2\/pages\/24","targetHints":{"allow":["GET"]}}],"collection":[{"href":"https:\/\/harmonielafugue.ca\/index.php?rest_route=\/wp\/v2\/pages"}],"about":[{"href":"https:\/\/harmonielafugue.ca\/index.php?rest_route=\/wp\/v2\/types\/page"}],"author":[{"embeddable":true,"href":"https:\/\/harmonielafugue.ca\/index.php?rest_route=\/wp\/v2\/users\/1"}],"replies":[{"embeddable":true,"href":"https:\/\/harmonielafugue.ca\/index.php?rest_route=%2Fwp%2Fv2%2Fcomments&post=24"}],"version-history":[{"count":7,"href":"https:\/\/harmonielafugue.ca\/index.php?rest_route=\/wp\/v2\/pages\/24\/revisions"}],"predecessor-version":[{"id":381,"href":"https:\/\/harmonielafugue.ca\/index.php?rest_route=\/wp\/v2\/pages\/24\/revisions\/381"}],"wp:attachment":[{"href":"https:\/\/harmonielafugue.ca\/index.php?rest_route=%2Fwp%2Fv2%2Fmedia&parent=24"}],"curies":[{"name":"wp","href":"https:\/\/api.w.org\/{rel}","templated":true}]}}